{"id":308,"date":"2017-08-19T18:30:31","date_gmt":"2017-08-19T18:30:31","guid":{"rendered":"http:\/\/nyrenacer.org\/esp\/?page_id=308"},"modified":"2017-08-19T18:30:31","modified_gmt":"2017-08-19T18:30:31","slug":"encuentro","status":"publish","type":"page","link":"https:\/\/nyrenacer.org\/esp\/encuentro\/","title":{"rendered":"Encuentro"},"content":{"rendered":"<div id=\"mp_stack_20\" class=\"mp-stack\"><div id=\"mp-brick-309\" mp-stack-id=\"20\" class=\" mp-brick-parallax mp_brick mp-brick\"  mp_brick_parallax_bg_speed=\"0.71\"  mp_brick_parallax_bg_offset=\"0\"  mp_brick_parallax_bg_speed=\"0.71\"  mp_brick_parallax_c1_speed=\"1\"  mp_brick_parallax_c2_speed=\"1\"  mp_brick_parallax_c1_offset=\"0\"  mp_brick_parallax_c2_offset=\"0\" ><a class=\"brick-anchor\" mp_stacks_brick_target=\"planear_brick_1\"><\/a><div class=\"mp-brick-meta\"><\/div><div class=\"mp-brick-bg\" ><div class=\"mp-brick-bg-inner\"><\/div><\/div><div class=\"mp-brick-outer\" ><div class=\"mp-brick-inner\"><div class=\"mp-brick-content-types\"><div class=\"mp-brick-content-types-inner\"><div id=\"mp-brick-309-first-content-type-container\" class=\"mp-brick-content-type-container mp-brick-centered mp-stacks-content-type-none\"><div id=\"mp-brick-309-first-content-type\" class=\"mp-brick-first-content-type\" style=\"display:block;\"><\/div><\/div><div id=\"mp-brick-309-second-content-type-container\" class=\"mp-brick-content-type-container mp-brick-centered mp-stacks-content-type-none\"><div id=\"mp-brick-309-second-content-type\" class=\"mp-brick-second-content-type\" style=\"display:block;\"><\/div><\/div><\/div><\/div><\/div><\/div><\/div><div id=\"mp-brick-310\" mp-stack-id=\"20\" class=\" mp_brick mp-brick\" ><a class=\"brick-anchor\" mp_stacks_brick_target=\"connect_brick-5\"><\/a><div class=\"mp-brick-meta\"><\/div><div class=\"mp-brick-bg\" ><div class=\"mp-brick-bg-inner\"><\/div><\/div><div class=\"mp-brick-outer\" ><div class=\"mp-brick-inner\"><div class=\"mp-brick-content-types\"><div class=\"mp-brick-content-types-inner\"><div id=\"mp-brick-310-first-content-type-container\" class=\"mp-brick-content-type-container mp-brick-centered mp-stacks-content-type-singletext\"><div id=\"mp-brick-310-first-content-type\" class=\"mp-brick-first-content-type\" ><div class=\"mp-stacks-text-area mp-stacks-text-area-1\"><div class=\"mp-brick-text\"><p>ENCUENTRO<\/p>\n<\/div><\/div><\/div><\/div><div id=\"mp-brick-310-second-content-type-container\" class=\"mp-brick-content-type-container mp-brick-centered mp-stacks-content-type-none\"><div id=\"mp-brick-310-second-content-type\" class=\"mp-brick-second-content-type\" style=\"display:block;\"><\/div><\/div><\/div><\/div><\/div><\/div><\/div><div id=\"mp-brick-311\" mp-stack-id=\"20\" class=\" mp_brick mp-brick\" ><a class=\"brick-anchor\" mp_stacks_brick_target=\"connect_brick-6\"><\/a><div class=\"mp-brick-meta\"><\/div><div class=\"mp-brick-bg\" ><div class=\"mp-brick-bg-inner\"><\/div><\/div><div class=\"mp-brick-outer\" ><div class=\"mp-brick-inner\"><div class=\"mp-brick-content-types\"><div class=\"mp-brick-content-types-inner\"><div id=\"mp-brick-311-first-content-type-container\" class=\"mp-brick-content-type-container  mp-stacks-content-type-singletext\"><div id=\"mp-brick-311-first-content-type\" class=\"mp-brick-first-content-type\" ><div class=\"mp-stacks-text-area mp-stacks-text-area-1\"><div class=\"mp-brick-text\"><p><em>Octubre 10-12, 2014 <\/em><\/p>\n<\/div><\/div><div class=\"mp-stacks-text-area mp-stacks-text-area-2\"><div class=\"mp-brick-text\"><p><strong>\u00bfQu\u00e9 es un Encuentro? <\/strong><\/p>\n<\/div><\/div><div class=\"mp-stacks-text-area mp-stacks-text-area-3\"><div class=\"mp-brick-text\"><p>El fin de semana del Encuentro es una experiencia emocionante que cambia completamente la direcci\u00f3n de nuestra vida. En este retiro espiritual podr\u00e1s disfrutar de nuevas experiencias personales y ense\u00f1anzas b\u00edblicas que traen un cambio visible y se manifiestan en la vida de todo aquel que participa.<\/p>\n<\/div><\/div><div class=\"mp-stacks-text-area mp-stacks-text-area-4\"><div class=\"mp-brick-text\"><p><strong>\u00bfQu\u00e9 se necesita para ir a un Encuentro? <\/strong><\/p>\n<\/div><\/div><div class=\"mp-stacks-text-area mp-stacks-text-area-5\"><div class=\"mp-brick-text\"><ol style=\"margin-left: 30px;\">\n<li><strong>Un coraz\u00f3n dispuesto<\/strong>\n<ul style=\"list-style-type: disc; margin-left: 60px;\">\n<li><em>Jerem\u00edas 15:19-21<\/em><br \/>\n<em> Por tanto, as\u00ed dijo Jehov\u00e1: \"<strong>Si te convirtieres, yo te restaurar\u00e9<\/strong>, y delante de m\u00ed estar\u00e1s; y si entresacares lo precioso de lo vil, ser\u00e1s como mi boca. Convi\u00e9rtanse ellos a ti, y t\u00fa no te conviertas a ellos. Y te pondr\u00e9 en este pueblo por muro fortificado de bronce, y pelear\u00e1n contra ti, pero no te vencer\u00e1n; porque yo estoy contigo para guardarte y para defenderte, dice Jehov\u00e1. Y te librar\u00e9 de la mano de los malos, y te redimir\u00e9 de la mano de los fuertes.<\/em><\/li>\n<\/ul>\n<\/li>\n<li><strong>Una gran expectativa<\/strong>\n<ul style=\"list-style-type: disc; margin-left: 60px;\">\n<li><em>Lucas 11:13<\/em><br \/>\n<em> \"Pues si vosotros, siendo malos, sab\u00e9is dar buenas d\u00e1divas a vuestros hijos, \u00bfcu\u00e1nto m\u00e1s vuestro Padre celestial <strong>dar\u00e1 el Esp\u00edritu Santo a los que se lo pidan?<\/strong>\"<\/em><\/li>\n<\/ul>\n<\/li>\n<\/ol>\n<\/div><\/div><div class=\"mp-stacks-text-area mp-stacks-text-area-6\"><div class=\"mp-brick-text\"><p><strong>\u00bfC\u00f3mo me registro para ir a un Encuentro?<\/strong><\/p>\n<\/div><\/div><div class=\"mp-stacks-text-area mp-stacks-text-area-7\"><div class=\"mp-brick-text\"><p style=\"padding-left: 30px;\">1. Si asistes a un Grupo de Crecimiento, inscr\u00edbete con tu l\u00edder.<\/p>\n<p style=\"padding-left: 30px;\">2. Si no asistes a un Grupo de Crecimiento, inscr\u00edbete en el Centro de Informaci\u00f3n antes o despu\u00e9s de los servicios.<\/p>\n<\/div><\/div><\/div><\/div><div id=\"mp-brick-311-second-content-type-container\" class=\"mp-brick-content-type-container  mp-stacks-content-type-\"><div id=\"mp-brick-311-second-content-type\" class=\"mp-brick-second-content-type\" style=\"display:block;\"><\/div><\/div><\/div><\/div><\/div><\/div><\/div><\/div>\n","protected":false},"excerpt":{"rendered":"","protected":false},"author":1,"featured_media":0,"parent":0,"menu_order":0,"comment_status":"closed","ping_status":"closed","template":"","meta":{"footnotes":""},"class_list":["post-308","page","type-page","status-publish",""],"_links":{"self":[{"href":"https:\/\/nyrenacer.org\/esp\/wp-json\/wp\/v2\/pages\/308","targetHints":{"allow":["GET"]}}],"collection":[{"href":"https:\/\/nyrenacer.org\/esp\/wp-json\/wp\/v2\/pages"}],"about":[{"href":"https:\/\/nyrenacer.org\/esp\/wp-json\/wp\/v2\/types\/page"}],"author":[{"embeddable":true,"href":"https:\/\/nyrenacer.org\/esp\/wp-json\/wp\/v2\/users\/1"}],"replies":[{"embeddable":true,"href":"https:\/\/nyrenacer.org\/esp\/wp-json\/wp\/v2\/comments?post=308"}],"version-history":[{"count":1,"href":"https:\/\/nyrenacer.org\/esp\/wp-json\/wp\/v2\/pages\/308\/revisions"}],"predecessor-version":[{"id":312,"href":"https:\/\/nyrenacer.org\/esp\/wp-json\/wp\/v2\/pages\/308\/revisions\/312"}],"wp:attachment":[{"href":"https:\/\/nyrenacer.org\/esp\/wp-json\/wp\/v2\/media?parent=308"}],"curies":[{"name":"wp","href":"https:\/\/api.w.org\/{rel}","templated":true}]}}